{"id":5445,"date":"2026-03-09T16:08:13","date_gmt":"2026-03-09T14:08:13","guid":{"rendered":"https:\/\/waldjugend-nord.de\/?post_type=product&#038;p=5445"},"modified":"2026-03-24T20:24:53","modified_gmt":"2026-03-24T18:24:53","slug":"16-17-04-outdoor-messe","status":"publish","type":"product","link":"https:\/\/waldjugend-nord.de\/?product=16-17-04-outdoor-messe","title":{"rendered":"16.-19. April | Outdoor-Messe"},"content":{"rendered":"","protected":false},"excerpt":{"rendered":"<blockquote><p><strong>Analog zur Norla&#8230;<\/strong><\/p><\/blockquote>\n<p>&nbsp;<\/p>\n<p>wird die Waldjugend Nord dieses Jahr, zusammen mit der SDW und der Landwirtschaftskammer, auch auf der Outdoor-Messe in Neum\u00fcnster vertreten sein. Dort wollen wir die Waldjugend unter J\u00e4gern, Anglern und weiteren Outdoor-Freunden bekannter machen, \u00fcber uns informieren und neue Mitglieder gewinnen.<\/p>\n<p>Wenn du also Lust hast, dabei zu sein und \u00fcber die Waldjugend zu sprechen und\/oder schicke Plaketten f\u00fcr die Kinder zu \u201ebrennpetern\u201c, melde dich schnell an.<\/p>\n<p>Wir \u00fcbernachten f\u00fcr das Wochenende im Landeszentrum und fahren t\u00e4glich zusammen zur Messe. Wer nicht an allen vier Tagen Zeit hat, kann aber auch zur &#8220;Schicht&#8221; direkt nach Neum\u00fcnster kommen.<\/p>\n<p>Wenn du f\u00fcr Freitag eine Freistellung f\u00fcr die Schule oder einen Zettel f\u00fcr die Arbeit brauchst, meldest du dich am besten direkt bei Stine.<\/p>\n<p>&nbsp;<\/p>\n<p>&nbsp;<\/p>\n<table>\n<tbody>\n<tr>\n<td style=\"text-align: right; padding: 1px 5px;\">Wann:<\/td>\n<td style=\"text-align: left; padding: 1px 5px;\"><strong>16.-19. April<\/strong><\/td>\n<\/tr>\n<tr>\n<td style=\"text-align: right; padding: 1px 5px;\">Wo:<\/td>\n<td style=\"text-align: left; padding: 1px 5px;\">\u00a0<a href=\"https:\/\/waldjugend-nord.de\/?page_id=225\" target=\"_blank\" rel=\"noopener noreferrer\">im Landeszentrum in H\u00fctten<\/a><\/td>\n<\/tr>\n<tr>\n<td style=\"text-align: right; padding: 1px 5px;\">Wer:<\/td>\n<td style=\"text-align: left; padding: 1px 5px;\">Waldl\u00e4ufer ab 15 Jahren<\/td>\n<\/tr>\n<tr>\n<td style=\"text-align: right; padding: 1px 5px;\">Wie viele:<\/td>\n<td style=\"text-align: left; padding: 1px 5px;\">maximal 20 Personen<\/td>\n<\/tr>\n<tr>\n<td style=\"text-align: right; padding: 1px 5px;\">Kosten:<\/td>\n<td style=\"text-align: left; padding: 1px 5px;\">keine<\/td>\n<\/tr>\n<tr>\n<td style=\"text-align: right; padding: 1px 5px;\">Leitung:<\/td>\n<td style=\"text-align: left; padding: 1px 5px;\"><a href=\"mailto: landesleitung@waldjugend-nord.de\">Landesleitung<\/a><\/td>\n<\/tr>\n<tr>\n<td style=\"text-align: right; padding: 1px 5px;\">Unterbringung:<\/td>\n<td style=\"text-align: left; padding: 1px 5px;\">Waldjugendh\u00fctte<\/td>\n<\/tr>\n<tr>\n<td style=\"text-align: right; padding: 1px 5px;\">Mitzubringen:<\/td>\n<td style=\"text-align: left; padding: 1px 5px;\">Kluft<\/td>\n<\/tr>\n<tr>\n<td style=\"text-align: right; padding: 1px 5px;\">Verpflegung:<\/td>\n<td style=\"text-align: left; padding: 1px 5px;\">wird gestellt<\/td>\n<\/tr>\n<tr>\n<td style=\"text-align: right; padding: 1px 5px;\">Anmeldung:<\/td>\n<td style=\"text-align: left; padding: 1px 5px;\"><strong>bis zum 09. April<\/strong><\/td>\n<\/tr>\n<tr>\n<td style=\"text-align: right; padding: 1px 5px;\">Veranstalter:<\/td>\n<td style=\"text-align: left; padding: 1px 5px;\">Deutsche Waldjugend Landesverband Nord e.V.<\/td>\n<\/tr>\n<\/tbody>\n<\/table>\n","protected":false},"featured_media":2492,"template":"","meta":{"_lmt_disableupdate":"no","_lmt_disable":""},"product_brand":[],"product_cat":[24],"product_tag":[],"class_list":{"0":"post-5445","1":"product","2":"type-product","3":"status-publish","4":"has-post-thumbnail","6":"product_cat-seminare","7":"column","8":"twocol","9":"has-thumbnail","11":"first","12":"instock","13":"virtual","14":"product-type-simple"},"_links":{"self":[{"href":"https:\/\/waldjugend-nord.de\/index.php?rest_route=\/wp\/v2\/product\/5445","targetHints":{"allow":["GET"]}}],"collection":[{"href":"https:\/\/waldjugend-nord.de\/index.php?rest_route=\/wp\/v2\/product"}],"about":[{"href":"https:\/\/waldjugend-nord.de\/index.php?rest_route=\/wp\/v2\/types\/product"}],"wp:featuredmedia":[{"embeddable":true,"href":"https:\/\/waldjugend-nord.de\/index.php?rest_route=\/wp\/v2\/media\/2492"}],"wp:attachment":[{"href":"https:\/\/waldjugend-nord.de\/index.php?rest_route=%2Fwp%2Fv2%2Fmedia&parent=5445"}],"wp:term":[{"taxonomy":"product_brand","embeddable":true,"href":"https:\/\/waldjugend-nord.de\/index.php?rest_route=%2Fwp%2Fv2%2Fproduct_brand&post=5445"},{"taxonomy":"product_cat","embeddable":true,"href":"https:\/\/waldjugend-nord.de\/index.php?rest_route=%2Fwp%2Fv2%2Fproduct_cat&post=5445"},{"taxonomy":"product_tag","embeddable":true,"href":"https:\/\/waldjugend-nord.de\/index.php?rest_route=%2Fwp%2Fv2%2Fproduct_tag&post=5445"}],"curies":[{"name":"wp","href":"https:\/\/api.w.org\/{rel}","templated":true}]}}