{"id":5432,"date":"2026-03-07T23:49:10","date_gmt":"2026-03-07T21:49:10","guid":{"rendered":"https:\/\/waldjugend-nord.de\/?post_type=product&#038;p=5432"},"modified":"2026-03-09T21:47:42","modified_gmt":"2026-03-09T19:47:42","slug":"11-13-september-sommerfest","status":"publish","type":"product","link":"https:\/\/waldjugend-nord.de\/?product=11-13-september-sommerfest","title":{"rendered":"18. &#8211; 20. September | Sommerfest"},"content":{"rendered":"","protected":false},"excerpt":{"rendered":"<blockquote><p><strong>Die letzten Veranstaltungen liegen erfolgreich hinter uns&#8230;<\/strong><\/p><\/blockquote>\n<p>Ganz bald beginnt der Herbst so richtig und die Tage werden wieder k\u00fchler\u2026 Also hei\u00dft es f\u00fcr uns, die letzten warmen Tage genie\u00dfen und noch einmal unsere Kohten und Jurten aufschlagen!<\/p>\n<p data-start=\"186\" data-end=\"584\" data-is-last-node=\"\" data-is-only-node=\"\">Mit dem Sommerfest wollen wir unser erfolgreiches Jahr feiern, bevor es zu Ende geht, und \u201eDanke\u201c sagen an euch alle und besonders auch an den F\u00f6rderkreis f\u00fcr die Unterst\u00fctzung! Wir laden alle ein, von gro\u00df bis klein, und alle Freunde der Waldjugend, um das Sommerfest zu feiern. Nicht zu vergessen: auch die Hochzeitsb\u00e4ume zu pflegen oder vielleicht dieses Jahr auch einen pflanzen zu d\u00fcrfen! \ud83c\udf33\ud83c\udf42<\/p>\n<p style=\"color: red;\">Termin ge\u00e4ndert von 11.-13. auf 18.-20.09.<\/p>\n<p>&nbsp;<\/p>\n<table>\n<tbody>\n<tr>\n<td style=\"text-align: right; padding: 1px 5px;\">Wann:<\/td>\n<td style=\"text-align: left; padding: 1px 5px;\"><strong>18. &#8211; 20. September<\/strong><\/td>\n<\/tr>\n<tr>\n<td style=\"text-align: right; padding: 1px 5px;\">Wo:<\/td>\n<td style=\"text-align: left; padding: 1px 5px;\"><a href=\"https:\/\/waldjugend-nord.de\/?page_id=225\" target=\"_blank\" rel=\"noopener noreferrer\">im Landeszentrum in H\u00fctten<\/a><\/td>\n<\/tr>\n<tr>\n<td style=\"text-align: right; padding: 1px 5px;\">Wer:<\/td>\n<td style=\"text-align: left; padding: 1px 5px;\">Alle Horten und unsere Freunde<\/td>\n<\/tr>\n<tr>\n<td style=\"text-align: right; padding: 1px 5px;\">Wie viele:<\/td>\n<td style=\"text-align: left; padding: 1px 5px;\">alle \ud83d\ude00<\/td>\n<\/tr>\n<tr>\n<td style=\"text-align: right; padding: 1px 5px;\">Kosten:<\/td>\n<td style=\"text-align: left; padding: 1px 5px;\">keine \/ f\u00fcr eure Verpflegung<\/td>\n<\/tr>\n<tr>\n<td style=\"text-align: right; padding: 1px 5px;\">Leitung:<\/td>\n<td style=\"text-align: left; padding: 1px 5px;\"><a href=\"mailto: landesleitung@waldjugend-nord.de\">Landesleitung<\/a><\/td>\n<\/tr>\n<tr>\n<td style=\"text-align: right; padding: 1px 5px;\">Unterbringung:<\/td>\n<td style=\"text-align: left; padding: 1px 5px;\">auf dem Lagerplatz<\/td>\n<\/tr>\n<tr>\n<td style=\"text-align: right; padding: 1px 5px;\">Mitzubringen:<\/td>\n<td style=\"text-align: left; padding: 1px 5px;\">\u00fcbliches Lagerger\u00f6del<\/td>\n<\/tr>\n<tr>\n<td style=\"text-align: right; padding: 1px 5px;\">Verpflegung:<\/td>\n<td style=\"text-align: left; padding: 1px 5px;\">Selbstorganisiert bis Samstag Mittag<\/td>\n<\/tr>\n<tr>\n<td style=\"text-align: right; padding: 1px 5px;\">Anmeldung:<\/td>\n<td style=\"text-align: left; padding: 1px 5px;\"><strong>bis zum 10. September | Einzel- und Gruppenanmeldung<\/strong><\/td>\n<\/tr>\n<tr>\n<td style=\"text-align: right; padding: 1px 5px;\">Veranstalter:<\/td>\n<td style=\"text-align: left; padding: 1px 5px;\">Deutsche Waldjugend Landesverband Nord e.V.<\/td>\n<\/tr>\n<\/tbody>\n<\/table>\n<p>&nbsp;<\/p>\n","protected":false},"featured_media":3056,"template":"","meta":{"_lmt_disableupdate":"no","_lmt_disable":""},"product_brand":[],"product_cat":[42],"product_tag":[],"class_list":{"0":"post-5432","1":"product","2":"type-product","3":"status-publish","4":"has-post-thumbnail","6":"product_cat-sommerfest","7":"column","8":"twocol","9":"has-thumbnail","11":"first","12":"instock","13":"virtual","14":"sold-individually","15":"purchasable","16":"product-type-simple"},"_links":{"self":[{"href":"https:\/\/waldjugend-nord.de\/index.php?rest_route=\/wp\/v2\/product\/5432","targetHints":{"allow":["GET"]}}],"collection":[{"href":"https:\/\/waldjugend-nord.de\/index.php?rest_route=\/wp\/v2\/product"}],"about":[{"href":"https:\/\/waldjugend-nord.de\/index.php?rest_route=\/wp\/v2\/types\/product"}],"wp:featuredmedia":[{"embeddable":true,"href":"https:\/\/waldjugend-nord.de\/index.php?rest_route=\/wp\/v2\/media\/3056"}],"wp:attachment":[{"href":"https:\/\/waldjugend-nord.de\/index.php?rest_route=%2Fwp%2Fv2%2Fmedia&parent=5432"}],"wp:term":[{"taxonomy":"product_brand","embeddable":true,"href":"https:\/\/waldjugend-nord.de\/index.php?rest_route=%2Fwp%2Fv2%2Fproduct_brand&post=5432"},{"taxonomy":"product_cat","embeddable":true,"href":"https:\/\/waldjugend-nord.de\/index.php?rest_route=%2Fwp%2Fv2%2Fproduct_cat&post=5432"},{"taxonomy":"product_tag","embeddable":true,"href":"https:\/\/waldjugend-nord.de\/index.php?rest_route=%2Fwp%2Fv2%2Fproduct_tag&post=5432"}],"curies":[{"name":"wp","href":"https:\/\/api.w.org\/{rel}","templated":true}]}}