{"id":5299,"date":"2026-01-04T20:00:12","date_gmt":"2026-01-04T18:00:12","guid":{"rendered":"https:\/\/waldjugend-nord.de\/?post_type=product&#038;p=5299"},"modified":"2026-04-03T21:20:53","modified_gmt":"2026-04-03T19:20:53","slug":"24-26-april-tag-des-baumes","status":"publish","type":"product","link":"https:\/\/waldjugend-nord.de\/?product=24-26-april-tag-des-baumes","title":{"rendered":"24. \u2013 26. April | Tag des Baumes"},"content":{"rendered":"","protected":false},"excerpt":{"rendered":"<blockquote><p><strong>Buddeln, B\u00e4ume pflanzen, Waldjugend sein.<\/strong><\/p><\/blockquote>\n<p>&nbsp;<\/p>\n<p>Es hei\u00dft wieder buddeln und pflanzen, die H\u00e4nde schmutzig machen f\u00fcr einen neuen Wald!<br \/>\nWir freuen uns, Euch alle wiederzusehen, unsere Jurten und Kothen aufzuschlagen und gemeinsam anzupacken, um unseren Beitrag f\u00fcr mehr Wald zu leisten!<br \/>\nEin Wochenende mit viel Spa\u00df und allem, was zu Waldjugend dazugeh\u00f6rt. Meldet Euch also alle mit der gesamten Horte an!<\/p>\n<p>&nbsp;<\/p>\n<table>\n<tbody>\n<tr>\n<td style=\"text-align: right; padding: 1px 5px;\">Wann:<\/td>\n<td style=\"text-align: left; padding: 1px 5px;\"><strong>24. &#8211; 26. April<\/strong><\/td>\n<\/tr>\n<tr>\n<td style=\"text-align: right; padding: 1px 5px;\">Wo:<\/td>\n<td style=\"text-align: left; padding: 1px 5px;\">Gl\u00fccksburg<\/td>\n<\/tr>\n<tr>\n<td style=\"text-align: right; padding: 1px 5px;\">Wer:<\/td>\n<td style=\"text-align: left; padding: 1px 5px;\">alle, die Lust auf Pflanzen haben!<\/td>\n<\/tr>\n<tr>\n<td style=\"text-align: right; padding: 1px 5px;\">Wie viele:<\/td>\n<td style=\"text-align: left; padding: 1px 5px;\">alle alle alle<\/td>\n<\/tr>\n<tr>\n<td style=\"text-align: right; padding: 1px 5px;\">Kosten:<\/td>\n<td style=\"text-align: left; padding: 1px 5px;\">keine<\/td>\n<\/tr>\n<tr>\n<td style=\"text-align: right; padding: 1px 5px;\">Leitung:<\/td>\n<td style=\"text-align: left; padding: 1px 5px;\"><a href=\"mailto: landesleitung@waldjugend-nord.de\">Landesleitung und Landesforsten SH<\/a><\/td>\n<\/tr>\n<tr>\n<td style=\"text-align: right; padding: 1px 5px;\">Unterbringung:<\/td>\n<td style=\"text-align: left; padding: 1px 5px;\">in euren Kohten und Jurten<\/td>\n<\/tr>\n<tr>\n<td style=\"text-align: right; padding: 1px 5px;\">Mitzubringen:<\/td>\n<td style=\"text-align: left; padding: 1px 5px;\">Lagerger\u00f6del, Spaten &amp; Arbeitskleidung<\/td>\n<\/tr>\n<tr>\n<td style=\"text-align: right; padding: 1px 5px;\">Verpflegung:<\/td>\n<td style=\"text-align: left; padding: 1px 5px;\">wird gestellt<\/td>\n<\/tr>\n<tr>\n<td style=\"text-align: right; padding: 1px 5px;\">Anmeldung:<\/td>\n<td style=\"text-align: left; padding: 1px 5px;\"><strong>bis zum 22. April<\/strong><\/td>\n<\/tr>\n<tr>\n<td style=\"text-align: right; padding: 1px 5px;\">Veranstalter:<\/td>\n<td style=\"text-align: left; padding: 1px 5px;\">Deutsche Waldjugend Landesverband Nord e.V.<\/td>\n<\/tr>\n<\/tbody>\n<\/table>\n","protected":false},"featured_media":3059,"template":"","meta":{"_lmt_disableupdate":"no","_lmt_disable":""},"product_brand":[],"product_cat":[32],"product_tag":[],"class_list":{"0":"post-5299","1":"product","2":"type-product","3":"status-publish","4":"has-post-thumbnail","6":"product_cat-tag-des-baumes","7":"column","8":"twocol","9":"has-thumbnail","11":"first","12":"instock","13":"virtual","14":"product-type-simple"},"_links":{"self":[{"href":"https:\/\/waldjugend-nord.de\/index.php?rest_route=\/wp\/v2\/product\/5299","targetHints":{"allow":["GET"]}}],"collection":[{"href":"https:\/\/waldjugend-nord.de\/index.php?rest_route=\/wp\/v2\/product"}],"about":[{"href":"https:\/\/waldjugend-nord.de\/index.php?rest_route=\/wp\/v2\/types\/product"}],"wp:featuredmedia":[{"embeddable":true,"href":"https:\/\/waldjugend-nord.de\/index.php?rest_route=\/wp\/v2\/media\/3059"}],"wp:attachment":[{"href":"https:\/\/waldjugend-nord.de\/index.php?rest_route=%2Fwp%2Fv2%2Fmedia&parent=5299"}],"wp:term":[{"taxonomy":"product_brand","embeddable":true,"href":"https:\/\/waldjugend-nord.de\/index.php?rest_route=%2Fwp%2Fv2%2Fproduct_brand&post=5299"},{"taxonomy":"product_cat","embeddable":true,"href":"https:\/\/waldjugend-nord.de\/index.php?rest_route=%2Fwp%2Fv2%2Fproduct_cat&post=5299"},{"taxonomy":"product_tag","embeddable":true,"href":"https:\/\/waldjugend-nord.de\/index.php?rest_route=%2Fwp%2Fv2%2Fproduct_tag&post=5299"}],"curies":[{"name":"wp","href":"https:\/\/api.w.org\/{rel}","templated":true}]}}

<blockquote><p><strong>Buddeln, Bäume pflanzen, Waldjugend sein.</strong></p></blockquote>
<p>&nbsp;</p>
<p>Es heißt wieder buddeln und pflanzen, die Hände schmutzig machen für einen neuen Wald!<br />
Wir freuen uns, Euch alle wiederzusehen, unsere Jurten und Kothen aufzuschlagen und gemeinsam anzupacken, um unseren Beitrag für mehr Wald zu leisten!<br />
Ein Wochenende mit viel Spaß und allem, was zu Waldjugend dazugehört. Meldet Euch also alle mit der gesamten Horte an!</p>
<p>&nbsp;</p>
<table>
<tbody>
<tr>
<td style="text-align: right; padding: 1px 5px;">Wann:</td>
<td style="text-align: left; padding: 1px 5px;"><strong>24. &#8211; 26. April</strong></td>
</tr>
<tr>
<td style="text-align: right; padding: 1px 5px;">Wo:</td>
<td style="text-align: left; padding: 1px 5px;">Glücksburg</td>
</tr>
<tr>
<td style="text-align: right; padding: 1px 5px;">Wer:</td>
<td style="text-align: left; padding: 1px 5px;">alle, die Lust auf Pflanzen haben!</td>
</tr>
<tr>
<td style="text-align: right; padding: 1px 5px;">Wie viele:</td>
<td style="text-align: left; padding: 1px 5px;">alle alle alle</td>
</tr>
<tr>
<td style="text-align: right; padding: 1px 5px;">Kosten:</td>
<td style="text-align: left; padding: 1px 5px;">keine</td>
</tr>
<tr>
<td style="text-align: right; padding: 1px 5px;">Leitung:</td>
<td style="text-align: left; padding: 1px 5px;"><a href="mailto: landesleitung@waldjugend-nord.de">Landesleitung und Landesforsten SH</a></td>
</tr>
<tr>
<td style="text-align: right; padding: 1px 5px;">Unterbringung:</td>
<td style="text-align: left; padding: 1px 5px;">in euren Kohten und Jurten</td>
</tr>
<tr>
<td style="text-align: right; padding: 1px 5px;">Mitzubringen:</td>
<td style="text-align: left; padding: 1px 5px;">Lagergerödel, Spaten &amp; Arbeitskleidung</td>
</tr>
<tr>
<td style="text-align: right; padding: 1px 5px;">Verpflegung:</td>
<td style="text-align: left; padding: 1px 5px;">wird gestellt</td>
</tr>
<tr>
<td style="text-align: right; padding: 1px 5px;">Anmeldung:</td>
<td style="text-align: left; padding: 1px 5px;"><strong>bis zum 22. April</strong></td>
</tr>
<tr>
<td style="text-align: right; padding: 1px 5px;">Veranstalter:</td>
<td style="text-align: left; padding: 1px 5px;">Deutsche Waldjugend Landesverband Nord e.V.</td>
</tr>
</tbody>
</table>
