{"id":632,"date":"2017-08-09T16:01:55","date_gmt":"2017-08-09T14:01:55","guid":{"rendered":"https:\/\/waldjugend-nord.de\/?page_id=632"},"modified":"2018-10-13T15:16:53","modified_gmt":"2018-10-13T13:16:53","slug":"rezepte","status":"publish","type":"page","link":"https:\/\/waldjugend-nord.de\/?page_id=632","title":{"rendered":"Rezepte"},"content":{"rendered":"<div style=\"text-align: justify;\">\n<p><img loading=\"lazy\" decoding=\"async\" class=\"size-medium wp-image-130 aligncenter\" src=\"https:\/\/waldjugend-nord.de\/wp-content\/uploads\/2017\/08\/nn_2012-03_hexe-300x269.png\" alt=\"\" width=\"300\" height=\"269\" srcset=\"https:\/\/waldjugend-nord.de\/wp-content\/uploads\/2017\/08\/nn_2012-03_hexe-300x269.png 300w, https:\/\/waldjugend-nord.de\/wp-content\/uploads\/2017\/08\/nn_2012-03_hexe-600x538.png 600w, https:\/\/waldjugend-nord.de\/wp-content\/uploads\/2017\/08\/nn_2012-03_hexe-768x689.png 768w, https:\/\/waldjugend-nord.de\/wp-content\/uploads\/2017\/08\/nn_2012-03_hexe-1024x919.png 1024w, https:\/\/waldjugend-nord.de\/wp-content\/uploads\/2017\/08\/nn_2012-03_hexe-700x628.png 700w, https:\/\/waldjugend-nord.de\/wp-content\/uploads\/2017\/08\/nn_2012-03_hexe-332x298.png 332w\" sizes=\"auto, (max-width: 300px) 100vw, 300px\" \/>Lieber s\u00fc\u00df oder doch eher deftig? F\u00fcr die Fahrt oder mit Ofen?<\/p>\n<p>Mit der Zeit wird sich hier f\u00fcr den Feinschmecker von Nord was finden lassen&#8230;Nat\u00fcrlich auch f\u00fcr all jene, die sich von Au\u00dfen dazu geschaltet haben.<\/p>\n<p>Viel Spa\u00df beim Ausprobieren.<\/p>\n<\/div>\n<table width=\"281\">\n<tbody>\n<tr>\n<td style=\"text-align: left;\"><strong>A<\/strong><\/td>\n<\/tr>\n<tr>\n<td style=\"text-align: left;\"><\/td>\n<\/tr>\n<tr>\n<td style=\"text-align: left;\"><\/td>\n<\/tr>\n<tr>\n<td style=\"text-align: left;\"><strong>B<\/strong><\/td>\n<\/tr>\n<tr>\n<td style=\"text-align: left;\"><a href=\"https:\/\/waldjugend-nord.de\/wp-content\/uploads\/2017\/11\/Brennnesselsuppe-NN-2-2011.pdf\" target=\"_blank\" rel=\"noopener\">Brennnesselsuppe (NN 2\/2011)<\/a><\/td>\n<\/tr>\n<tr>\n<td style=\"text-align: left;\"><\/td>\n<\/tr>\n<tr>\n<td style=\"text-align: left;\"><strong>C<\/strong><\/td>\n<\/tr>\n<tr>\n<td style=\"text-align: left;\"><\/td>\n<\/tr>\n<tr>\n<td style=\"text-align: left;\"><\/td>\n<\/tr>\n<tr>\n<td style=\"text-align: left;\"><strong>D<\/strong><\/td>\n<\/tr>\n<tr>\n<td style=\"text-align: left;\"><a title=\"total geil, dringend ausprobieren!\" href=\"https:\/\/waldjugend-nord.de\/wp-content\/uploads\/2017\/08\/2013_Dominosteine.pdf\" target=\"_blank\" rel=\"alternate noopener\">Dominosteine (NN 3\/2013)<\/a><\/td>\n<\/tr>\n<tr>\n<td style=\"text-align: left;\"><\/td>\n<\/tr>\n<tr>\n<td style=\"text-align: left;\"><strong>E<\/strong><\/td>\n<\/tr>\n<tr>\n<td style=\"text-align: left;\"><a href=\"https:\/\/waldjugend-nord.de\/wp-content\/uploads\/2017\/11\/Eingekochte-Schlehe-bzw.-Schwardorn-NN-3-2011-.pdf\" target=\"_blank\" rel=\"noopener\">Eingekochte Schlehen bzw. Schwarzdorn (NN 3\/2011)<\/a><\/td>\n<\/tr>\n<tr>\n<td style=\"text-align: left;\"><a href=\"https:\/\/waldjugend-nord.de\/wp-content\/uploads\/2017\/11\/ein-Pfund-ein-Pfund-ein-Pfund-NN-3-1994.pdf\" target=\"_blank\" rel=\"noopener\">ein Pfund, ein Pfund, ein Pfund (NN 3\/1994)<\/a><\/td>\n<\/tr>\n<tr>\n<td style=\"text-align: left;\"><strong>F<\/strong><\/td>\n<\/tr>\n<tr>\n<td style=\"text-align: left;\"><\/td>\n<\/tr>\n<tr>\n<td style=\"text-align: left;\"><\/td>\n<\/tr>\n<tr>\n<td style=\"text-align: left;\"><strong>G<\/strong><\/td>\n<\/tr>\n<tr>\n<td style=\"text-align: left;\"><a href=\"https:\/\/waldjugend-nord.de\/wp-content\/uploads\/2017\/10\/ger\u00f6stete-Fichtenzapfen.pdf\" target=\"_blank\" rel=\"noopener\">ger\u00f6stete Fichtenzapfen (1\/2016)<\/a><\/td>\n<\/tr>\n<tr>\n<td style=\"text-align: left;\"><\/td>\n<\/tr>\n<tr>\n<td style=\"text-align: left;\"><strong>H<\/strong><\/td>\n<\/tr>\n<tr>\n<td style=\"text-align: left;\"><a href=\"https:\/\/waldjugend-nord.de\/wp-content\/uploads\/2017\/11\/Holunderbl\u00fctensirup-NN-2-2013.pdf\" target=\"_blank\" rel=\"noopener\">Holunderbl\u00fctensirup (NN 2\/2013)<\/a><\/td>\n<\/tr>\n<tr>\n<td style=\"text-align: left;\"><\/td>\n<\/tr>\n<tr>\n<td style=\"text-align: left;\"><strong>I<\/strong><\/td>\n<\/tr>\n<tr>\n<td style=\"text-align: left;\"><\/td>\n<\/tr>\n<tr>\n<td style=\"text-align: left;\"><\/td>\n<\/tr>\n<tr>\n<td style=\"text-align: left;\"><strong>J<\/strong><\/td>\n<\/tr>\n<tr>\n<td style=\"text-align: left;\"><\/td>\n<\/tr>\n<tr>\n<td style=\"text-align: left;\"><\/td>\n<\/tr>\n<tr>\n<td style=\"text-align: left;\"><strong>K<\/strong><\/td>\n<\/tr>\n<tr>\n<td style=\"text-align: left;\"><\/td>\n<\/tr>\n<tr>\n<td style=\"text-align: left;\"><\/td>\n<\/tr>\n<tr>\n<td style=\"text-align: left;\"><strong>L<\/strong><\/td>\n<\/tr>\n<tr>\n<td style=\"text-align: left;\"><\/td>\n<\/tr>\n<tr>\n<td style=\"text-align: left;\"><\/td>\n<\/tr>\n<tr>\n<td style=\"text-align: left;\"><strong>M<\/strong><\/td>\n<\/tr>\n<tr>\n<td style=\"text-align: left;\"><a title=\"schnell und einfach\" href=\"https:\/\/waldjugend-nord.de\/wp-content\/uploads\/2017\/08\/2013_Mikrowellen-Muffin.pdf\" target=\"_blank\" rel=\"alternate noopener\">Mikrowellen-Muffin (NN 3\/2013)<\/a><\/td>\n<\/tr>\n<tr>\n<td style=\"text-align: left;\"><\/td>\n<\/tr>\n<tr>\n<td style=\"text-align: left;\"><strong>N<\/strong><\/td>\n<\/tr>\n<tr>\n<td style=\"text-align: left;\"><\/td>\n<\/tr>\n<tr>\n<td style=\"text-align: left;\"><\/td>\n<\/tr>\n<tr>\n<td style=\"text-align: left;\"><strong>O<\/strong><\/td>\n<\/tr>\n<tr>\n<td style=\"text-align: left;\"><a title=\"Fahrten erprobt!\" href=\"https:\/\/waldjugend-nord.de\/wp-content\/uploads\/2017\/08\/2007_Der%20Ofenfisch.pdf\" target=\"_blank\" rel=\"alternate noopener\">Ofenfisch (NN 3\/2007)<\/a><\/td>\n<\/tr>\n<tr>\n<td style=\"text-align: left;\"><\/td>\n<\/tr>\n<tr>\n<td style=\"text-align: left;\"><strong>P<\/strong><\/td>\n<\/tr>\n<tr>\n<td style=\"text-align: left;\"><a title=\"s\u00fc\u00df und lecker\" href=\"https:\/\/waldjugend-nord.de\/wp-content\/uploads\/2017\/08\/2013_Preiselbeermakronen.pdf\" target=\"_blank\" rel=\"alternate noopener\">Preiselbeermakronen (NN 3\/2013)<\/a><\/td>\n<\/tr>\n<tr>\n<td style=\"text-align: left;\"><\/td>\n<\/tr>\n<tr>\n<td style=\"text-align: left;\"><strong>Q<\/strong><\/td>\n<\/tr>\n<tr>\n<td style=\"text-align: left;\"><\/td>\n<\/tr>\n<tr>\n<td style=\"text-align: left;\"><\/td>\n<\/tr>\n<tr>\n<td style=\"text-align: left;\"><strong>R<\/strong><\/td>\n<\/tr>\n<tr>\n<td style=\"text-align: left;\"><a title=\"...Lachs?!?\" href=\"https:\/\/waldjugend-nord.de\/wp-content\/uploads\/2017\/08\/2015_D\u00e4nischer-Nachtisch.pdf\" target=\"_blank\" rel=\"alternate noopener\">R\u00f8dgr\u00f8d med fl\u00f8de (2\/2015)<\/a><\/td>\n<\/tr>\n<tr>\n<td style=\"text-align: left;\"><\/td>\n<\/tr>\n<tr>\n<td style=\"text-align: left;\"><strong>S<\/strong><\/td>\n<\/tr>\n<tr>\n<td style=\"text-align: left;\"><a href=\"https:\/\/waldjugend-nord.de\/wp-content\/uploads\/2017\/11\/Scharfe-Bohnen-NN-1-2001.pdf\" target=\"_blank\" rel=\"noopener\">Scharfe Bohnen (NN 1\/2001)<\/a><\/td>\n<\/tr>\n<tr>\n<td style=\"text-align: left;\"><a title=\"s\u00fc\u00df und lecker\" href=\"https:\/\/waldjugend-nord.de\/wp-content\/uploads\/2017\/08\/2015_Schnuesch.pdf\" target=\"_blank\" rel=\"alternate noopener\">Schn\u00fcsch (NN 1\/2015)<\/a><\/td>\n<\/tr>\n<tr>\n<td style=\"text-align: left;\"><a title=\"...Lachs?!?\" href=\"https:\/\/waldjugend-nord.de\/wp-content\/uploads\/2017\/08\/2014_Schwedische_Blaubeerpfankuchen.pdf\" target=\"_blank\" rel=\"alternate noopener\">Schwedische Blaubeerpfankuchen (2\/2014)<\/a><\/td>\n<\/tr>\n<tr>\n<td style=\"text-align: left;\"><\/td>\n<\/tr>\n<tr>\n<td style=\"text-align: left;\"><strong>T<\/strong><\/td>\n<\/tr>\n<tr>\n<td style=\"text-align: left;\"><\/td>\n<\/tr>\n<tr>\n<td style=\"text-align: left;\"><strong>U<\/strong><\/td>\n<\/tr>\n<tr>\n<td style=\"text-align: left;\"><\/td>\n<\/tr>\n<tr>\n<td style=\"text-align: left;\"><\/td>\n<\/tr>\n<tr>\n<td style=\"text-align: left;\"><strong>V<\/strong><\/td>\n<\/tr>\n<tr>\n<td style=\"text-align: left;\"><\/td>\n<\/tr>\n<tr>\n<td style=\"text-align: left;\"><\/td>\n<\/tr>\n<tr>\n<td style=\"text-align: left;\"><strong>W<\/strong><\/td>\n<\/tr>\n<tr>\n<td style=\"text-align: left;\"><a href=\"https:\/\/waldjugend-nord.de\/wp-content\/uploads\/2017\/11\/Waldmeister-TeeSirup-NN-1-2012.pdf\" target=\"_blank\" rel=\"noopener\">Waldmeister Tee &amp; Sirup (NN 1\/2012)<\/a><\/td>\n<\/tr>\n<tr>\n<td style=\"text-align: left;\"><\/td>\n<\/tr>\n<tr>\n<td style=\"text-align: left;\"><strong>X<\/strong><\/td>\n<\/tr>\n<tr>\n<td style=\"text-align: left;\"><\/td>\n<\/tr>\n<tr>\n<td style=\"text-align: left;\"><\/td>\n<\/tr>\n<tr>\n<td style=\"text-align: left;\"><strong>Y<\/strong><\/td>\n<\/tr>\n<tr>\n<td style=\"text-align: left;\"><\/td>\n<\/tr>\n<tr>\n<td style=\"text-align: left;\"><\/td>\n<\/tr>\n<tr>\n<td style=\"text-align: left;\"><strong>Z<\/strong><\/td>\n<\/tr>\n<tr>\n<td style=\"text-align: left;\"><a href=\"https:\/\/waldjugend-nord.de\/wp-content\/uploads\/2017\/11\/Zwergenbrot-NN-2-1997.pdf\" target=\"_blank\" rel=\"noopener\">Zwergenbrot (NN 2\/1997)<\/a><\/td>\n<\/tr>\n<tr>\n<td style=\"text-align: left;\"><\/td>\n<\/tr>\n<tr>\n<td style=\"text-align: left;\"><\/td>\n<\/tr>\n<\/tbody>\n<\/table>\n<p>Eure Lieblingsrezepte an: <a href=\"mailto:gesa@waldjugend-nord.de\">Gesa Derda<\/a> (Web-Design und Grafik)<\/p>\n","protected":false},"excerpt":{"rendered":"<p>Lieber s\u00fc\u00df oder doch eher deftig? F\u00fcr die Fahrt oder mit Ofen? Mit der Zeit wird sich hier f\u00fcr den Feinschmecker von Nord was finden lassen&#8230;Nat\u00fcrlich auch f\u00fcr all jene, die sich von Au\u00dfen dazu geschaltet haben. Viel Spa\u00df beim Ausprobieren. A B Brennnesselsuppe (NN 2\/2011) C D Dominosteine (NN &#8230;<\/p>\n","protected":false},"author":2,"featured_media":0,"parent":0,"menu_order":0,"comment_status":"closed","ping_status":"closed","template":"","meta":{"_lmt_disableupdate":"","_lmt_disable":"","footnotes":""},"class_list":["post-632","page","type-page","status-publish","hentry","column","twocol"],"_links":{"self":[{"href":"https:\/\/waldjugend-nord.de\/index.php?rest_route=\/wp\/v2\/pages\/632","targetHints":{"allow":["GET"]}}],"collection":[{"href":"https:\/\/waldjugend-nord.de\/index.php?rest_route=\/wp\/v2\/pages"}],"about":[{"href":"https:\/\/waldjugend-nord.de\/index.php?rest_route=\/wp\/v2\/types\/page"}],"author":[{"embeddable":true,"href":"https:\/\/waldjugend-nord.de\/index.php?rest_route=\/wp\/v2\/users\/2"}],"replies":[{"embeddable":true,"href":"https:\/\/waldjugend-nord.de\/index.php?rest_route=%2Fwp%2Fv2%2Fcomments&post=632"}],"version-history":[{"count":14,"href":"https:\/\/waldjugend-nord.de\/index.php?rest_route=\/wp\/v2\/pages\/632\/revisions"}],"predecessor-version":[{"id":2136,"href":"https:\/\/waldjugend-nord.de\/index.php?rest_route=\/wp\/v2\/pages\/632\/revisions\/2136"}],"wp:attachment":[{"href":"https:\/\/waldjugend-nord.de\/index.php?rest_route=%2Fwp%2Fv2%2Fmedia&parent=632"}],"curies":[{"name":"wp","href":"https:\/\/api.w.org\/{rel}","templated":true}]}}

<div style="text-align: justify;">
<p><img loading="lazy" decoding="async" class="size-medium wp-image-130 aligncenter" src="https://waldjugend-nord.de/wp-content/uploads/2017/08/nn_2012-03_hexe-300x269.png" alt="" width="300" height="269" srcset="https://waldjugend-nord.de/wp-content/uploads/2017/08/nn_2012-03_hexe-300x269.png 300w, https://waldjugend-nord.de/wp-content/uploads/2017/08/nn_2012-03_hexe-600x538.png 600w, https://waldjugend-nord.de/wp-content/uploads/2017/08/nn_2012-03_hexe-768x689.png 768w, https://waldjugend-nord.de/wp-content/uploads/2017/08/nn_2012-03_hexe-1024x919.png 1024w, https://waldjugend-nord.de/wp-content/uploads/2017/08/nn_2012-03_hexe-700x628.png 700w, https://waldjugend-nord.de/wp-content/uploads/2017/08/nn_2012-03_hexe-332x298.png 332w" sizes="auto, (max-width: 300px) 100vw, 300px" />Lieber süß oder doch eher deftig? Für die Fahrt oder mit Ofen?</p>
<p>Mit der Zeit wird sich hier für den Feinschmecker von Nord was finden lassen&#8230;Natürlich auch für all jene, die sich von Außen dazu geschaltet haben.</p>
<p>Viel Spaß beim Ausprobieren.</p>
</div>
<table width="281">
<tbody>
<tr>
<td style="text-align: left;"><strong>A</strong></td>
</tr>
<tr>
<td style="text-align: left;"></td>
</tr>
<tr>
<td style="text-align: left;"></td>
</tr>
<tr>
<td style="text-align: left;"><strong>B</strong></td>
</tr>
<tr>
<td style="text-align: left;"><a href="https://waldjugend-nord.de/wp-content/uploads/2017/11/Brennnesselsuppe-NN-2-2011.pdf" target="_blank" rel="noopener">Brennnesselsuppe (NN 2/2011)</a></td>
</tr>
<tr>
<td style="text-align: left;"></td>
</tr>
<tr>
<td style="text-align: left;"><strong>C</strong></td>
</tr>
<tr>
<td style="text-align: left;"></td>
</tr>
<tr>
<td style="text-align: left;"></td>
</tr>
<tr>
<td style="text-align: left;"><strong>D</strong></td>
</tr>
<tr>
<td style="text-align: left;"><a title="total geil, dringend ausprobieren!" href="https://waldjugend-nord.de/wp-content/uploads/2017/08/2013_Dominosteine.pdf" target="_blank" rel="alternate noopener">Dominosteine (NN 3/2013)</a></td>
</tr>
<tr>
<td style="text-align: left;"></td>
</tr>
<tr>
<td style="text-align: left;"><strong>E</strong></td>
</tr>
<tr>
<td style="text-align: left;"><a href="https://waldjugend-nord.de/wp-content/uploads/2017/11/Eingekochte-Schlehe-bzw.-Schwardorn-NN-3-2011-.pdf" target="_blank" rel="noopener">Eingekochte Schlehen bzw. Schwarzdorn (NN 3/2011)</a></td>
</tr>
<tr>
<td style="text-align: left;"><a href="https://waldjugend-nord.de/wp-content/uploads/2017/11/ein-Pfund-ein-Pfund-ein-Pfund-NN-3-1994.pdf" target="_blank" rel="noopener">ein Pfund, ein Pfund, ein Pfund (NN 3/1994)</a></td>
</tr>
<tr>
<td style="text-align: left;"><strong>F</strong></td>
</tr>
<tr>
<td style="text-align: left;"></td>
</tr>
<tr>
<td style="text-align: left;"></td>
</tr>
<tr>
<td style="text-align: left;"><strong>G</strong></td>
</tr>
<tr>
<td style="text-align: left;"><a href="https://waldjugend-nord.de/wp-content/uploads/2017/10/geröstete-Fichtenzapfen.pdf" target="_blank" rel="noopener">geröstete Fichtenzapfen (1/2016)</a></td>
</tr>
<tr>
<td style="text-align: left;"></td>
</tr>
<tr>
<td style="text-align: left;"><strong>H</strong></td>
</tr>
<tr>
<td style="text-align: left;"><a href="https://waldjugend-nord.de/wp-content/uploads/2017/11/Holunderblütensirup-NN-2-2013.pdf" target="_blank" rel="noopener">Holunderblütensirup (NN 2/2013)</a></td>
</tr>
<tr>
<td style="text-align: left;"></td>
</tr>
<tr>
<td style="text-align: left;"><strong>I</strong></td>
</tr>
<tr>
<td style="text-align: left;"></td>
</tr>
<tr>
<td style="text-align: left;"></td>
</tr>
<tr>
<td style="text-align: left;"><strong>J</strong></td>
</tr>
<tr>
<td style="text-align: left;"></td>
</tr>
<tr>
<td style="text-align: left;"></td>
</tr>
<tr>
<td style="text-align: left;"><strong>K</strong></td>
</tr>
<tr>
<td style="text-align: left;"></td>
</tr>
<tr>
<td style="text-align: left;"></td>
</tr>
<tr>
<td style="text-align: left;"><strong>L</strong></td>
</tr>
<tr>
<td style="text-align: left;"></td>
</tr>
<tr>
<td style="text-align: left;"></td>
</tr>
<tr>
<td style="text-align: left;"><strong>M</strong></td>
</tr>
<tr>
<td style="text-align: left;"><a title="schnell und einfach" href="https://waldjugend-nord.de/wp-content/uploads/2017/08/2013_Mikrowellen-Muffin.pdf" target="_blank" rel="alternate noopener">Mikrowellen-Muffin (NN 3/2013)</a></td>
</tr>
<tr>
<td style="text-align: left;"></td>
</tr>
<tr>
<td style="text-align: left;"><strong>N</strong></td>
</tr>
<tr>
<td style="text-align: left;"></td>
</tr>
<tr>
<td style="text-align: left;"></td>
</tr>
<tr>
<td style="text-align: left;"><strong>O</strong></td>
</tr>
<tr>
<td style="text-align: left;"><a title="Fahrten erprobt!" href="https://waldjugend-nord.de/wp-content/uploads/2017/08/2007_Der%20Ofenfisch.pdf" target="_blank" rel="alternate noopener">Ofenfisch (NN 3/2007)</a></td>
</tr>
<tr>
<td style="text-align: left;"></td>
</tr>
<tr>
<td style="text-align: left;"><strong>P</strong></td>
</tr>
<tr>
<td style="text-align: left;"><a title="süß und lecker" href="https://waldjugend-nord.de/wp-content/uploads/2017/08/2013_Preiselbeermakronen.pdf" target="_blank" rel="alternate noopener">Preiselbeermakronen (NN 3/2013)</a></td>
</tr>
<tr>
<td style="text-align: left;"></td>
</tr>
<tr>
<td style="text-align: left;"><strong>Q</strong></td>
</tr>
<tr>
<td style="text-align: left;"></td>
</tr>
<tr>
<td style="text-align: left;"></td>
</tr>
<tr>
<td style="text-align: left;"><strong>R</strong></td>
</tr>
<tr>
<td style="text-align: left;"><a title="...Lachs?!?" href="https://waldjugend-nord.de/wp-content/uploads/2017/08/2015_Dänischer-Nachtisch.pdf" target="_blank" rel="alternate noopener">Rødgrød med fløde (2/2015)</a></td>
</tr>
<tr>
<td style="text-align: left;"></td>
</tr>
<tr>
<td style="text-align: left;"><strong>S</strong></td>
</tr>
<tr>
<td style="text-align: left;"><a href="https://waldjugend-nord.de/wp-content/uploads/2017/11/Scharfe-Bohnen-NN-1-2001.pdf" target="_blank" rel="noopener">Scharfe Bohnen (NN 1/2001)</a></td>
</tr>
<tr>
<td style="text-align: left;"><a title="süß und lecker" href="https://waldjugend-nord.de/wp-content/uploads/2017/08/2015_Schnuesch.pdf" target="_blank" rel="alternate noopener">Schnüsch (NN 1/2015)</a></td>
</tr>
<tr>
<td style="text-align: left;"><a title="...Lachs?!?" href="https://waldjugend-nord.de/wp-content/uploads/2017/08/2014_Schwedische_Blaubeerpfankuchen.pdf" target="_blank" rel="alternate noopener">Schwedische Blaubeerpfankuchen (2/2014)</a></td>
</tr>
<tr>
<td style="text-align: left;"></td>
</tr>
<tr>
<td style="text-align: left;"><strong>T</strong></td>
</tr>
<tr>
<td style="text-align: left;"></td>
</tr>
<tr>
<td style="text-align: left;"><strong>U</strong></td>
</tr>
<tr>
<td style="text-align: left;"></td>
</tr>
<tr>
<td style="text-align: left;"></td>
</tr>
<tr>
<td style="text-align: left;"><strong>V</strong></td>
</tr>
<tr>
<td style="text-align: left;"></td>
</tr>
<tr>
<td style="text-align: left;"></td>
</tr>
<tr>
<td style="text-align: left;"><strong>W</strong></td>
</tr>
<tr>
<td style="text-align: left;"><a href="https://waldjugend-nord.de/wp-content/uploads/2017/11/Waldmeister-TeeSirup-NN-1-2012.pdf" target="_blank" rel="noopener">Waldmeister Tee &amp; Sirup (NN 1/2012)</a></td>
</tr>
<tr>
<td style="text-align: left;"></td>
</tr>
<tr>
<td style="text-align: left;"><strong>X</strong></td>
</tr>
<tr>
<td style="text-align: left;"></td>
</tr>
<tr>
<td style="text-align: left;"></td>
</tr>
<tr>
<td style="text-align: left;"><strong>Y</strong></td>
</tr>
<tr>
<td style="text-align: left;"></td>
</tr>
<tr>
<td style="text-align: left;"></td>
</tr>
<tr>
<td style="text-align: left;"><strong>Z</strong></td>
</tr>
<tr>
<td style="text-align: left;"><a href="https://waldjugend-nord.de/wp-content/uploads/2017/11/Zwergenbrot-NN-2-1997.pdf" target="_blank" rel="noopener">Zwergenbrot (NN 2/1997)</a></td>
</tr>
<tr>
<td style="text-align: left;"></td>
</tr>
<tr>
<td style="text-align: left;"></td>
</tr>
</tbody>
</table>
<p>Eure Lieblingsrezepte an: <a href="mailto:gesa@waldjugend-nord.de">Gesa Derda</a> (Web-Design und Grafik)</p>

<p>Lieber süß oder doch eher deftig? Für die Fahrt oder mit Ofen? Mit der Zeit wird sich hier für den Feinschmecker von Nord was finden lassen&#8230;Natürlich auch für all jene, die sich von Außen dazu geschaltet haben. Viel Spaß beim Ausprobieren. A B Brennnesselsuppe (NN 2/2011) C D Dominosteine (NN &#8230;</p>
