{"id":626,"date":"2017-08-09T15:58:20","date_gmt":"2017-08-09T13:58:20","guid":{"rendered":"https:\/\/waldjugend-nord.de\/?page_id=626"},"modified":"2026-03-02T22:03:01","modified_gmt":"2026-03-02T20:03:01","slug":"veranstaltungskalender-2017","status":"publish","type":"page","link":"https:\/\/waldjugend-nord.de\/?page_id=626","title":{"rendered":"Termine"},"content":{"rendered":"\n<p class=\"has-text-align-center\"><\/p>\n\n\n\n<div class=\"wp-block-columns is-layout-flex wp-container-core-columns-is-layout-9d6595d7 wp-block-columns-is-layout-flex\">\n<div class=\"wp-block-column is-layout-flow wp-block-column-is-layout-flow\" style=\"flex-basis:100%\">\n<div>\n<p>Alle Anmeldungen erfolgen online \u00fcber diese Seite. Klickt einfach rechts auf die Links zu den Veranstaltungen und meldet euch an. Ihr k\u00f6nnt euch auch hier auf der Seite registrieren, dann m\u00fcsst ihr nicht jedes Mal alle Daten selbst ausf\u00fcllen. Beachtet bitte auch die Anmelde-Voraussetzungen der Seminare und Veranstaltungen. \nBitte denkt dran, dass ihr euch verbindlich anmeldet, sobald ihr die Bestellung abschickt. Ein paar Tage vor Veranstaltungsbeginn bekommt ihr nochmal eine E-Mail mit genaueren Informationen zu der Veranstaltung. Zum Beispiel, welche Materialien ihr braucht und wer euer Ansprechpartner*In ist.\n<\/p>\n<p><strong>Preise<\/strong><\/p>\n<p>F\u00fcr die meisten Seminare gilt ein Soli-Preis. So kannst du entscheiden, ob du 5 \u20ac, 10 \u20ac oder 15 \u20ac bezahlst, je nach dem, wie du es dir gerade leisten kannst. Seminare mit externen Referent*Innen oder das Landeslager haben aber weiterhin feste Preise. Einige Veranstaltungen sind sogar komplett kostenlos, weil der Landesverband hier deine Hilfe z.B. bei Baustellen am Landeszentrum oder bei Messen braucht. Seminare wie das Erste-Hilfe-Seminar und Motors\u00e4genseminar haben unterschiedliche Preise f\u00fcr Mitglieder und Externe. Wenn bei dir im Warenkorb der falsche Preis angezeigt wird, schreibe eine kurze Mail an <a href=\"mailto:webmaster@waldjugend-nord.de\">webmaster@waldjugend-nord.de<\/a>, wir schalten dich dann als Mitglied frei. Falls du schon gebucht hast, k\u00f6nnen wir auch nachtr\u00e4glich den Beitrag \u00e4ndern.<\/p>\n<p><strong>Anmeldeschluss<\/strong><\/p>\n<p>Um unser Schutzkonzept einzuhalten, m\u00fcssen vor allen Veranstaltungen die Anmeldungen gepr\u00fcft werden. Damit die zust\u00e4ndigen Personen daf\u00fcr gen\u00fcgend Zeit haben, gilt f\u00fcr die meisten Veranstaltungen ein verbindlicher Anmeldeschluss.<\/p>\n<p><strong>Warteliste<\/strong><\/p>\n<p>Bei einigen Veranstaltungen ist die maximale Teilnehmerzahl begrenzt. Sollten alle Pl\u00e4tze belegt sein meldet euch trotzdem an, wir f\u00fchren eine Warteliste und sollten Pl\u00e4tze frei werden, geben wir euch Bescheid! Au\u00dferdem werden Landesverbandsmitglieder bei der Anmeldung bevorzugt behandelt.<\/p>\n<p><strong>Verbindlichkeit<\/strong><\/p>\n<p>Jede Anmeldung ist verbindlich. Bei Nichtteilnahme oder Absage einer Anmeldung weniger als 14 Tage vor Veranstaltungsbeginn behalten wir uns vor, den Teilnehmerbeitrag dennoch zu erheben.<\/p>\n<p><strong>Du hast weitere Fragen?<\/strong><\/p>\n<p>Bei allen Fragen rund um die Anmeldung wende dich bitte an <a href=\"mailto:anmeldung@waldjugend-nord.de\">anmeldung@waldjugend-nord.de<\/a>\n<\/div>\n<\/div>\n<\/div>\n","protected":false},"excerpt":{"rendered":"<p>Alle Anmeldungen erfolgen online \u00fcber diese Seite. Klickt einfach rechts auf die Links zu den Veranstaltungen und meldet euch an. Ihr k\u00f6nnt euch auch hier auf der Seite registrieren, dann m\u00fcsst ihr nicht jedes Mal alle Daten selbst ausf\u00fcllen. Beachtet bitte auch die Anmelde-Voraussetzungen der Seminare und Veranstaltungen. Bitte denkt &#8230;<\/p>\n","protected":false},"author":17,"featured_media":0,"parent":0,"menu_order":0,"comment_status":"closed","ping_status":"closed","template":"","meta":{"_lmt_disableupdate":"no","_lmt_disable":"","footnotes":""},"class_list":["post-626","page","type-page","status-publish","hentry","column","twocol"],"_links":{"self":[{"href":"https:\/\/waldjugend-nord.de\/index.php?rest_route=\/wp\/v2\/pages\/626","targetHints":{"allow":["GET"]}}],"collection":[{"href":"https:\/\/waldjugend-nord.de\/index.php?rest_route=\/wp\/v2\/pages"}],"about":[{"href":"https:\/\/waldjugend-nord.de\/index.php?rest_route=\/wp\/v2\/types\/page"}],"author":[{"embeddable":true,"href":"https:\/\/waldjugend-nord.de\/index.php?rest_route=\/wp\/v2\/users\/17"}],"replies":[{"embeddable":true,"href":"https:\/\/waldjugend-nord.de\/index.php?rest_route=%2Fwp%2Fv2%2Fcomments&post=626"}],"version-history":[{"count":35,"href":"https:\/\/waldjugend-nord.de\/index.php?rest_route=\/wp\/v2\/pages\/626\/revisions"}],"predecessor-version":[{"id":5423,"href":"https:\/\/waldjugend-nord.de\/index.php?rest_route=\/wp\/v2\/pages\/626\/revisions\/5423"}],"wp:attachment":[{"href":"https:\/\/waldjugend-nord.de\/index.php?rest_route=%2Fwp%2Fv2%2Fmedia&parent=626"}],"curies":[{"name":"wp","href":"https:\/\/api.w.org\/{rel}","templated":true}]}}