{"id":307,"date":"2017-08-09T14:32:43","date_gmt":"2017-08-09T12:32:43","guid":{"rendered":"https:\/\/waldjugend-nord.de\/?page_id=307"},"modified":"2026-01-24T14:19:10","modified_gmt":"2026-01-24T12:19:10","slug":"lubeck","status":"publish","type":"page","link":"https:\/\/waldjugend-nord.de\/?page_id=307","title":{"rendered":"L\u00fcbeck"},"content":{"rendered":"<p><img loading=\"lazy\" decoding=\"async\" class=\"alignnone wp-image-553 size-full\" src=\"https:\/\/waldjugend-nord.de\/wp-content\/uploads\/2017\/08\/Wesloe.png\" width=\"800\" height=\"348\" \/><\/p>\n<div style=\"text-align: justify;\"><div class='jtrt_table_MotherShipContainer'><div class='jtTableContainer jtrespo-scroll  ' ><div class='jtsettingcontainer' style='display:none;position:absolute;left:-9999px;'><textarea data-jtrt-table-id='2753' id='jtrt_table_settings_2753' cols='30' rows='10'>[[[\"Gruppennachmittage:\",\"Polarwolfshorte\",\"Samstag von 14.00-16.30 Uhr\"],[\"\",\"Wolfshorte\",\"Freitag von 16.00- 18.00 Uhr\"],[\"Ansprechpartner:\",\"Torge Bj\\u00f8rner Schinz (Leitung des Kreisringes)\",\"\"],[\"\",\"Wesloe: schinz@waldjugend-luebeck.de\",null],[\"Kontakt:\",\"Wolfshorte (Torge Bj\\u00f8rner Schinz) <a href=\\\"mailto: schinz@waldjugend-luebeck.de\\\">schinz@waldjugend-luebeck.de<\\\/a>\",null],[null,\"Polarwolfhorte (Anni Rieb) <a href=\\\"mailto: polarwolfshorte@waldjugend-nord.de\\\">polarwolfshorte@waldjugend-nord.de<\\\/a>\",null]],[{\"row\":0,\"col\":0,\"visualRow\":1,\"visualCol\":0,\"prop\":0,\"jtcellstyle\":{\"font-weight\":\"bold\"},\"className\":\"htLeft\"},{\"row\":0,\"col\":1,\"visualRow\":1,\"visualCol\":1,\"prop\":1,\"className\":\"htLeft\"},{\"row\":0,\"col\":2,\"visualRow\":1,\"visualCol\":2,\"prop\":2,\"className\":\"htLeft\"},{\"row\":1,\"col\":0,\"visualRow\":0,\"visualCol\":0,\"prop\":0,\"className\":\"htLeft\",\"jtcellstyle\":{\"font-weight\":\"bold\"}},{\"row\":1,\"col\":1,\"visualRow\":0,\"visualCol\":1,\"prop\":1,\"className\":\"htLeft\"},{\"row\":1,\"col\":2,\"visualRow\":0,\"visualCol\":2,\"prop\":2,\"className\":\"htLeft\"},{\"row\":2,\"col\":0,\"visualRow\":2,\"visualCol\":0,\"prop\":0,\"className\":\"htLeft\",\"jtcellstyle\":{\"font-weight\":\"bold\"}},{\"row\":2,\"col\":1,\"visualRow\":2,\"visualCol\":1,\"prop\":1,\"className\":\"htLeft\"},{\"row\":2,\"col\":2,\"visualRow\":2,\"visualCol\":2,\"prop\":2,\"className\":\"htLeft\"},{\"row\":3,\"col\":0,\"visualRow\":3,\"visualCol\":0,\"prop\":0,\"className\":\"htLeft\",\"jtcellstyle\":{\"font-weight\":\"bold\"}},{\"row\":3,\"col\":1,\"visualRow\":3,\"visualCol\":1,\"prop\":1,\"className\":\"htLeft\"},{\"row\":3,\"col\":2,\"visualRow\":3,\"visualCol\":2,\"prop\":2,\"className\":\"htLeft\"},{\"row\":4,\"col\":0,\"visualRow\":4,\"visualCol\":0,\"prop\":0,\"jtcellstyle\":{\"font-weight\":\"bold\"},\"className\":\"htLeft\"},{\"row\":4,\"col\":1,\"visualRow\":4,\"visualCol\":1,\"prop\":1,\"className\":\"htLeft\"},{\"row\":4,\"col\":2,\"visualRow\":4,\"visualCol\":2,\"prop\":2},{\"row\":5,\"col\":0,\"visualRow\":5,\"visualCol\":0,\"prop\":0,\"className\":\"htLeft\"},{\"row\":5,\"col\":1,\"visualRow\":5,\"visualCol\":1,\"prop\":1,\"className\":\"htLeft\"},{\"row\":5,\"col\":2,\"visualRow\":5,\"visualCol\":2,\"prop\":2}],[],[]]<\/textarea><textarea data-jtrt-table-id='2753' id='jtrt_table_bps_2753' cols='30' rows='10'>[]<\/textarea><\/div><table id='jtrt_table_2753' data-sorting='false' data-paging='false' data-paging-size='10' data-paging-menu='10,20,50,100' data-filtering='false' data-jtrt-table-id='2753' class='jtrt-table  ' ><thead><tr><th>Gruppennachmittage:<\/th><th>Polarwolfshorte<\/th><th>Samstag von 14.00-16.30 Uhr<\/th><\/tr><\/thead><tbody><tr><td><\/td><td>Wolfshorte<\/td><td>Freitag von 16.00- 18.00 Uhr<\/td><\/tr><tr><td>Ansprechpartner:<\/td><td>Torge Bj\u00f8rner Schinz (Leitung des Kreisringes)<\/td><td><\/td><\/tr><tr><td><\/td><td>Wesloe: schinz@waldjugend-luebeck.de<\/td><td><\/td><\/tr><tr><td>Kontakt:<\/td><td>Wolfshorte (Torge Bj\u00f8rner Schinz) <a href=\"mailto: schinz@waldjugend-luebeck.de\">schinz@waldjugend-luebeck.de<\/a><\/td><td><\/td><\/tr><tr><td><\/td><td>Polarwolfhorte (Anni Rieb) <a href=\"mailto: polarwolfshorte@waldjugend-nord.de\">polarwolfshorte@waldjugend-nord.de<\/a><\/td><td><\/td><\/tr><\/tbody><\/table><\/div><\/div><\/div>\n<div style=\"text-align: justify;\">\u00a0<\/div>\n<p align=\"left\"><span style=\"color: #333333;\"><span style=\"font-family: Source Sans Pro, sans-serif;\"><span style=\"font-size: medium;\">Wir sind die Waldjugend L\u00fcbeck Wesloe,<img loading=\"lazy\" decoding=\"async\" class=\"wp-image-64 size-medium alignright\" src=\"https:\/\/waldjugend-nord.de\/wp-content\/uploads\/2017\/08\/Wesloe3-300x149.jpg\" alt=\"\" width=\"300\" height=\"149\" srcset=\"https:\/\/waldjugend-nord.de\/wp-content\/uploads\/2017\/08\/Wesloe3-300x149.jpg 300w, https:\/\/waldjugend-nord.de\/wp-content\/uploads\/2017\/08\/Wesloe3-332x164.jpg 332w, https:\/\/waldjugend-nord.de\/wp-content\/uploads\/2017\/08\/Wesloe3.jpg 505w\" sizes=\"auto, (max-width: 300px) 100vw, 300px\" \/><\/span><\/span><\/span><\/p>\n<p><span style=\"color: #333333;\"><span style=\"font-family: Source Sans Pro, sans-serif;\"><span style=\"font-size: medium;\">die als eine der Gr\u00fcndungshorten 1957 ihren Anfang nahm. Ein Hortenring, der also auf eine lange und erfolgreiche Geschichte zur\u00fcck blicken kann. Mit den drei bestehenden Horten sind wir ein sehr aktiver Verein der rund um seine H\u00fctte im Stadtteil Wesloe regelm\u00e4\u00dfig seine Gruppenstunden durchf\u00fchrt.<\/span><\/span><\/span><\/p>\n<p><span style=\"color: #333333;\"><span style=\"font-family: Source Sans Pro, sans-serif;\"><span style=\"font-size: medium;\"><img loading=\"lazy\" decoding=\"async\" class=\"wp-image-66 size-medium alignleft\" src=\"https:\/\/waldjugend-nord.de\/wp-content\/uploads\/2017\/08\/Wesloe4-300x201.jpg\" alt=\"\" width=\"300\" height=\"201\" srcset=\"https:\/\/waldjugend-nord.de\/wp-content\/uploads\/2017\/08\/Wesloe4-300x201.jpg 300w, https:\/\/waldjugend-nord.de\/wp-content\/uploads\/2017\/08\/Wesloe4-600x402.jpg 600w, https:\/\/waldjugend-nord.de\/wp-content\/uploads\/2017\/08\/Wesloe4-768x514.jpg 768w, https:\/\/waldjugend-nord.de\/wp-content\/uploads\/2017\/08\/Wesloe4-700x469.jpg 700w, https:\/\/waldjugend-nord.de\/wp-content\/uploads\/2017\/08\/Wesloe4-332x222.jpg 332w, https:\/\/waldjugend-nord.de\/wp-content\/uploads\/2017\/08\/Wesloe4.jpg 923w\" sizes=\"auto, (max-width: 300px) 100vw, 300px\" \/><\/span><br \/><\/span><\/span><\/p>\n<p><span style=\"color: #333333;\"><span style=\"font-family: Source Sans Pro, sans-serif;\"><span style=\"font-size: medium;\">Unsere W\u00f6lfe, eine der Horten, die seit der Gr\u00fcndung besteht und schon viele <img loading=\"lazy\" decoding=\"async\" class=\"size-medium wp-image-63 alignright\" src=\"https:\/\/waldjugend-nord.de\/wp-content\/uploads\/2017\/08\/Wesloe2-200x300.jpg\" alt=\"\" width=\"200\" height=\"300\" srcset=\"https:\/\/waldjugend-nord.de\/wp-content\/uploads\/2017\/08\/Wesloe2-200x300.jpg 200w, https:\/\/waldjugend-nord.de\/wp-content\/uploads\/2017\/08\/Wesloe2-332x498.jpg 332w, https:\/\/waldjugend-nord.de\/wp-content\/uploads\/2017\/08\/Wesloe2.jpg 480w\" sizes=\"auto, (max-width: 200px) 100vw, 200px\" \/>Veranstaltungen erlebt und organisiert hat, trifft sich jeden Freitag von 16:00-18:00 Uhr an der H\u00fctte. <\/span><\/span><\/span><\/p>\n<p><span style=\"color: #333333;\"><span style=\"font-family: Source Sans Pro, sans-serif;\"><span style=\"font-size: medium;\">Die Polarwolfhorte ist die neueste der drei Horten in L\u00fcbeck Wesloe und seid 2012 aktiv dabei. Sie treffen sich immer am Samstag von 14:00-16:30 Uhr.<\/span><\/span><\/span><\/p>\n<p><span style=\"color: #333333;\"><span style=\"font-family: Source Sans Pro, sans-serif;\"><span style=\"font-size: medium;\">Alle Gruppen bestehen momentan aus Kindern und Jugendlichen zwischen 7 und 21 Jahren. <\/span><\/span><\/span><\/p>\n<p><span style=\"color: #333333;\"><span style=\"font-family: Source Sans Pro, sans-serif;\"><span style=\"font-size: medium;\">Wir haben im Jahr viele Veranstaltungen, wie unser gro\u00dfes allj\u00e4hrlich stattfindendes Osterlager, den Walderlebnistag, den Weihnachtsmarkt und viele andere tolle Aktionen bei denen die Gruppen nie m\u00fcde werden all diese Aufgaben bei uns zu \u00fcbernehmen. <\/span><\/span><\/span><\/p>\n\n\n<p><\/p>\n","protected":false},"excerpt":{"rendered":"<p>\u00a0 Wir sind die Waldjugend L\u00fcbeck Wesloe, die als eine der Gr\u00fcndungshorten 1957 ihren Anfang nahm. Ein Hortenring, der also auf eine lange und erfolgreiche Geschichte zur\u00fcck blicken kann. Mit den drei bestehenden Horten sind wir ein sehr aktiver Verein der rund um seine H\u00fctte im Stadtteil Wesloe regelm\u00e4\u00dfig seine &#8230;<\/p>\n","protected":false},"author":2,"featured_media":0,"parent":0,"menu_order":0,"comment_status":"closed","ping_status":"closed","template":"","meta":{"_lmt_disableupdate":"","_lmt_disable":"","footnotes":""},"class_list":["post-307","page","type-page","status-publish","hentry","column","twocol"],"_links":{"self":[{"href":"https:\/\/waldjugend-nord.de\/index.php?rest_route=\/wp\/v2\/pages\/307","targetHints":{"allow":["GET"]}}],"collection":[{"href":"https:\/\/waldjugend-nord.de\/index.php?rest_route=\/wp\/v2\/pages"}],"about":[{"href":"https:\/\/waldjugend-nord.de\/index.php?rest_route=\/wp\/v2\/types\/page"}],"author":[{"embeddable":true,"href":"https:\/\/waldjugend-nord.de\/index.php?rest_route=\/wp\/v2\/users\/2"}],"replies":[{"embeddable":true,"href":"https:\/\/waldjugend-nord.de\/index.php?rest_route=%2Fwp%2Fv2%2Fcomments&post=307"}],"version-history":[{"count":7,"href":"https:\/\/waldjugend-nord.de\/index.php?rest_route=\/wp\/v2\/pages\/307\/revisions"}],"predecessor-version":[{"id":5400,"href":"https:\/\/waldjugend-nord.de\/index.php?rest_route=\/wp\/v2\/pages\/307\/revisions\/5400"}],"wp:attachment":[{"href":"https:\/\/waldjugend-nord.de\/index.php?rest_route=%2Fwp%2Fv2%2Fmedia&parent=307"}],"curies":[{"name":"wp","href":"https:\/\/api.w.org\/{rel}","templated":true}]}}