{"id":272,"date":"2017-08-09T13:52:11","date_gmt":"2017-08-09T11:52:11","guid":{"rendered":"https:\/\/waldjugend-nord.de\/?page_id=272"},"modified":"2019-11-18T11:50:56","modified_gmt":"2019-11-18T09:50:56","slug":"hutten","status":"publish","type":"page","link":"https:\/\/waldjugend-nord.de\/?page_id=272","title":{"rendered":"H\u00fctten"},"content":{"rendered":"<p><img loading=\"lazy\" decoding=\"async\" class=\"aligncenter wp-image-1639 size-full\" src=\"https:\/\/waldjugend-nord.de\/wp-content\/uploads\/2017\/12\/Huetten1.png\" alt=\"\" width=\"800\" height=\"348\" srcset=\"https:\/\/waldjugend-nord.de\/wp-content\/uploads\/2017\/12\/Huetten1.png 800w, https:\/\/waldjugend-nord.de\/wp-content\/uploads\/2017\/12\/Huetten1-600x261.png 600w, https:\/\/waldjugend-nord.de\/wp-content\/uploads\/2017\/12\/Huetten1-300x131.png 300w, https:\/\/waldjugend-nord.de\/wp-content\/uploads\/2017\/12\/Huetten1-768x334.png 768w, https:\/\/waldjugend-nord.de\/wp-content\/uploads\/2017\/12\/Huetten1-700x305.png 700w\" sizes=\"auto, (max-width: 800px) 100vw, 800px\" \/><\/p>\n<div class='jtrt_table_MotherShipContainer'><div class='jtTableContainer jtrespo-scroll  ' ><div class='jtsettingcontainer' style='display:none;position:absolute;left:-9999px;'><textarea data-jtrt-table-id='3095' id='jtrt_table_settings_3095' cols='30' rows='10'>[[[\"Gruppennachmittag:\",\"Freitags 15:30 Uhr bis 18:30\"],[\"Adresse:\",\"<a href='https:\\\/\\\/waldjugend-nord.de\\\/?page_id=225'>im DWJ-Landeszentrum in H\\u00fctten<\\\/a>\"],[\"Ansprechpartnerinnen:\",\"Finja Raspini (Hornissenhorte)\"],[null,\"Jolie Organista (Igelhorte)\"],[\"Kontakt:\",\"<a href='mailto: hornissenhorte@waldjugend-nord.de'>hornissenhorte@waldjugend-nord.de<\\\/a>\"],[\"\",\"<a href='mailto: igelhorte@waldjugend-nord.de'>igelhorte@waldjugend-nord.de<\\\/a>\"]],[{\"row\":0,\"col\":0,\"visualRow\":0,\"visualCol\":0,\"prop\":0,\"jtcellstyle\":{\"font-weight\":\"bold\"},\"className\":\"htLeft\"},{\"row\":0,\"col\":1,\"visualRow\":0,\"visualCol\":1,\"prop\":1,\"className\":\"htLeft\"},{\"row\":1,\"col\":0,\"visualRow\":1,\"visualCol\":0,\"prop\":0,\"className\":\"htLeft\",\"jtcellstyle\":{\"font-weight\":\"bold\"}},{\"row\":1,\"col\":1,\"visualRow\":1,\"visualCol\":1,\"prop\":1,\"className\":\"htLeft\"},{\"row\":2,\"col\":0,\"visualRow\":2,\"visualCol\":0,\"prop\":0,\"className\":\"htLeft\",\"jtcellstyle\":{\"font-weight\":\"bold\"}},{\"row\":2,\"col\":1,\"visualRow\":2,\"visualCol\":1,\"prop\":1,\"className\":\"htLeft\",\"jtcellstyle\":{\"font-weight\":\"bold\"}},{\"row\":3,\"col\":0,\"visualRow\":3,\"visualCol\":0,\"prop\":0},{\"row\":3,\"col\":1,\"visualRow\":3,\"visualCol\":1,\"prop\":1,\"className\":\"htLeft\",\"jtcellstyle\":{\"font-weight\":\"bold\"}},{\"row\":4,\"col\":0,\"visualRow\":4,\"visualCol\":0,\"prop\":0,\"jtcellstyle\":{\"font-weight\":\"bold\"},\"className\":\"htLeft\"},{\"row\":4,\"col\":1,\"visualRow\":4,\"visualCol\":1,\"prop\":1,\"className\":\"htLeft\"},{\"row\":5,\"col\":0,\"visualRow\":5,\"visualCol\":0,\"prop\":0},{\"row\":5,\"col\":1,\"visualRow\":5,\"visualCol\":1,\"prop\":1,\"className\":\"htLeft\"}],[],[]]<\/textarea><textarea data-jtrt-table-id='3095' id='jtrt_table_bps_3095' cols='30' rows='10'>[]<\/textarea><\/div><table id='jtrt_table_3095' data-sorting='false' data-paging='false' data-paging-size='10' data-paging-menu='10,20,50,100' data-filtering='false' data-jtrt-table-id='3095' class='jtrt-table  ' ><thead><tr><th>Gruppennachmittag:<\/th><th>Freitags 15:30 Uhr bis 18:30<\/th><\/tr><\/thead><tbody><tr><td>Adresse:<\/td><td><a href='https:\/\/waldjugend-nord.de\/?page_id=225'>im DWJ-Landeszentrum in H\u00fctten<\/a><\/td><\/tr><tr><td>Ansprechpartnerinnen:<\/td><td>Finja Raspini (Hornissenhorte)<\/td><\/tr><tr><td><\/td><td>Jolie Organista (Igelhorte)<\/td><\/tr><tr><td>Kontakt:<\/td><td><a href='mailto: hornissenhorte@waldjugend-nord.de'>hornissenhorte@waldjugend-nord.de<\/a><\/td><\/tr><tr><td><\/td><td><a href='mailto: igelhorte@waldjugend-nord.de'>igelhorte@waldjugend-nord.de<\/a><\/td><\/tr><\/tbody><\/table><\/div><\/div>\n<div><img loading=\"lazy\" decoding=\"async\" class=\"wp-image-3045 size-medium alignleft\" src=\"https:\/\/waldjugend-nord.de\/wp-content\/uploads\/2019\/11\/GruleiForbi-Extra-207x300.jpg\" alt=\"\" width=\"207\" height=\"300\" \/>\u00a0Wir sind die H\u00fcttener<\/div>\n<div style=\"text-align: justify;\">\n<p>&#8211; genauer gesagt die Hornissen, Igel und unsere j\u00fcngsten, die Uhus.<\/p>\n<p>UnserGruppenzusammenhalt ist nicht nur innerhalb der Horten sehr stark, sondern auch gegenseitig unterst\u00fctzen wir uns wo wir k\u00f6nnen. Aber nat\u00fcrlich unterst\u00fctzen wir auch unseren Landespatenf\u00f6rster (Thomas Kahn, von dem wir uns leider demn\u00e4chst verabschieden m\u00fcssen, da er in seinen wohlverdienten Ruhestand geht) bei der Pflege des H\u00fcttener Forsts. <img loading=\"lazy\" decoding=\"async\" class=\"wp-image-3059 size-medium alignright\" src=\"https:\/\/waldjugend-nord.de\/wp-content\/uploads\/2019\/11\/TdB-207x300.jpg\" alt=\"\" width=\"207\" height=\"300\" \/>Jeden Freitag treffen wir uns von 15:30 Uhr bis 18:30 Uhr zu unseren Gruppenstunden, bei denen wir neben der Pflege des Waldes nat\u00fcrlich auch singen, spielen, basteln und noch viele andere spannende Sachen machen. An kalten und nassen Wintertagen freuen wir uns \u00fcber unseren kleinen aber gem\u00fctlichen Gruppenraum, der uns in einer der Holzh\u00fctten des Landesverbandes zur Verf\u00fcgung steht. Dort kuscheln wir uns dann alle zusammen und singen oder spielen Werwolf.<\/p>\n<p>Wir freuen uns \u00fcber jedes neue Gesicht und hei\u00dfen jeden herzlich Willkommen. Also wenn ihr mal Lust habt dann schaut bei uns vorbei und lasst euch von der Waldjugend und ihrem Zusammenhalt faszinieren.<img loading=\"lazy\" decoding=\"async\" class=\"wp-image-3054 size-medium alignleft\" src=\"https:\/\/waldjugend-nord.de\/wp-content\/uploads\/2019\/11\/O-Wiese-207x300.jpg\" alt=\"\" width=\"207\" height=\"300\" \/><\/p>\n<div style=\"text-align: justify;\">\n<div>Speziell wir Hornissen sind die \u00e4lteste der drei Horten. Wir veranstalten regelm\u00e4\u00dfig Hornissenlager f\u00fcr die Gruppenmitglieder, wo wir gemeinsam Singen und auch die eine oder andere Nachtwanderung veranstalten. Wir sind um die 25 Mitglieder in der Kartei, beim Gruppennachmittag sind ca. 15 Mitglieder anwesend.<\/div>\n<div><\/div>\n<div>Unterst\u00fctzung bekommen wir von den \u00e4lteren und erfahrenen inaktiveren Mitgliedern und ehemaligen Gruppenleitern. Wir freuen uns immer \u00fcber neue Mitglieder, also wenn Interesse aufgekommen ist, besuche uns doch ganz unverbindlich bei einem unserer Gruppennachmittage in H\u00fctten und schaue dir unsere eigene Website an. Wir freuen uns auf dich!<\/div>\n<\/div>\n<\/div>\n","protected":false},"excerpt":{"rendered":"<p>\u00a0Wir sind die H\u00fcttener &#8211; genauer gesagt die Hornissen, Igel und unsere j\u00fcngsten, die Uhus. UnserGruppenzusammenhalt ist nicht nur innerhalb der Horten sehr stark, sondern auch gegenseitig unterst\u00fctzen wir uns wo wir k\u00f6nnen. Aber nat\u00fcrlich unterst\u00fctzen wir auch unseren Landespatenf\u00f6rster (Thomas Kahn, von dem wir uns leider demn\u00e4chst verabschieden m\u00fcssen, &#8230;<\/p>\n","protected":false},"author":2,"featured_media":0,"parent":0,"menu_order":0,"comment_status":"closed","ping_status":"closed","template":"","meta":{"_lmt_disableupdate":"","_lmt_disable":"","footnotes":""},"class_list":["post-272","page","type-page","status-publish","hentry","column","twocol"],"_links":{"self":[{"href":"https:\/\/waldjugend-nord.de\/index.php?rest_route=\/wp\/v2\/pages\/272","targetHints":{"allow":["GET"]}}],"collection":[{"href":"https:\/\/waldjugend-nord.de\/index.php?rest_route=\/wp\/v2\/pages"}],"about":[{"href":"https:\/\/waldjugend-nord.de\/index.php?rest_route=\/wp\/v2\/types\/page"}],"author":[{"embeddable":true,"href":"https:\/\/waldjugend-nord.de\/index.php?rest_route=\/wp\/v2\/users\/2"}],"replies":[{"embeddable":true,"href":"https:\/\/waldjugend-nord.de\/index.php?rest_route=%2Fwp%2Fv2%2Fcomments&post=272"}],"version-history":[{"count":14,"href":"https:\/\/waldjugend-nord.de\/index.php?rest_route=\/wp\/v2\/pages\/272\/revisions"}],"predecessor-version":[{"id":3098,"href":"https:\/\/waldjugend-nord.de\/index.php?rest_route=\/wp\/v2\/pages\/272\/revisions\/3098"}],"wp:attachment":[{"href":"https:\/\/waldjugend-nord.de\/index.php?rest_route=%2Fwp%2Fv2%2Fmedia&parent=272"}],"curies":[{"name":"wp","href":"https:\/\/api.w.org\/{rel}","templated":true}]}}