{"id":177,"date":"2017-08-09T11:44:03","date_gmt":"2017-08-09T09:44:03","guid":{"rendered":"https:\/\/waldjugend-nord.de\/?page_id=177"},"modified":"2023-08-27T14:10:43","modified_gmt":"2023-08-27T12:10:43","slug":"177-2","status":"publish","type":"page","link":"https:\/\/waldjugend-nord.de\/","title":{"rendered":"Startseite"},"content":{"rendered":"\n<div style=\"height:20px\" aria-hidden=\"true\" class=\"wp-block-spacer\"><\/div>\n\n\n\n<div class=\"wp-block-columns is-layout-flex wp-container-core-columns-is-layout-9d6595d7 wp-block-columns-is-layout-flex\">\n<div class=\"wp-block-column is-layout-flow wp-block-column-is-layout-flow\" style=\"flex-basis:100%\">\n<div class=\"wp-block-group\"><div class=\"wp-block-group__inner-container is-layout-flow wp-block-group-is-layout-flow\">\n<div class=\"wp-block-columns is-layout-flex wp-container-core-columns-is-layout-9d6595d7 wp-block-columns-is-layout-flex\">\n<div class=\"wp-block-column is-layout-flow wp-block-column-is-layout-flow\" style=\"flex-basis:100%\">\n<div class=\"wp-block-group\"><div class=\"wp-block-group__inner-container is-layout-flow wp-block-group-is-layout-flow\">\n<div class=\"wp-block-buttons is-horizontal is-content-justification-center is-layout-flex wp-container-core-buttons-is-layout-499968f5 wp-block-buttons-is-layout-flex\" id=\"https:\/\/waldjugend-nord.de\/?page_id=4065\"><\/div>\n<\/div><\/div>\n<\/div>\n<\/div>\n\n\n\n<figure class=\"wp-block-gallery has-nested-images columns-default is-cropped wp-block-gallery-1 is-layout-flex wp-block-gallery-is-layout-flex\"><\/figure>\n<\/div><\/div>\n<\/div>\n<\/div>\n\n\n\n<div style=\"height:25px\" aria-hidden=\"true\" class=\"wp-block-spacer\"><\/div>\n\n\n<p><img loading=\"lazy\" decoding=\"async\" class=\"alignnone wp-image-503 size-full\" src=\"https:\/\/waldjugend-nord.de\/wp-content\/uploads\/2017\/08\/wirueberuns.png\" width=\"800\" height=\"348\"><\/p>\n<p>Wir, die Deutsche Waldjugend Landesverband Nord, sind ein Jugend-Naturschutzverein, der 1957 als Jugendverein der Schutzgemeinschaft Deutscher Wald gegr\u00fcndet wurde. Unsere 12 Horten sind in ganz Schleswig-Holstein und Hamburg verteilt. Bei unseren w\u00f6chentlichen Gruppenstunden haben Jungen und M\u00e4dchen zwischen 8 und 27 Jahren die M\u00f6glichkeit die Natur hautnah zu erleben und aktiv im Naturschutz mitzuwirken. Doch bei uns steht nicht nur die biologische Arbeit im Vordergrund, auch gemeinsame Singerunden, Lager und Fahrten sind ein wichtiger Bestandteil der Waldjugend. Informationen zu unseren Horten, zum Beispiel den genauen Ort, erhalten Sie unter dem Men\u00fcpunkt <a href=\"https:\/\/waldjugend-nord.de\/?page_id=190\" rel=\"alternate\">Gruppen<\/a> weiteres zu unseren Aufgaben und Zielen:<\/p>\n<p><\/p>\n<div style=\"text-align: justify;\"><strong>Naturschutz<\/strong><\/div>\n<p>Ein zentraler Aspekt der Waldjugendarbeit ist <img loading=\"lazy\" decoding=\"async\" class=\"size-medium wp-image-1206 alignright\" src=\"https:\/\/waldjugend-nord.de\/wp-content\/uploads\/2017\/08\/naturschutz-300x219.png\" alt=\"\" width=\"300\" height=\"219\">der Patenforst, so hat jede Gruppe in Ihrer N\u00e4he ein Waldst\u00fcck, das sie zusammen mit dem jeweiligen F\u00f6rster pflegt. In dem Patenforst \u00fcbernimmt die Waldjugendgruppe verschiedenste Aufgaben wie zum Beispiel Pflanzaktionen, die Nistk\u00e4stenpflege, das Entleeren der Borkenk\u00e4ferfallen oder die Befreiung des Waldes von M\u00fcll. Auch die Pflege von Streuobstwiesen und Feuchtbiotopen geh\u00f6ren zu den Naturschutzaufgaben der Waldjugend. Aus diesem Einblick in die Lebenszusammenh\u00e4nge der freien Natur entwickelt sich bei den Kindern und Jugendlichen ein Verantwortungsbewusstsein f\u00fcr Natur und Landschaft. Dies ist eine wichtige Grundlage f\u00fcr eine wirkungsvolle Mitarbeit im Natur- und Umweltschutz.<br>Ein ganz besonderes Projekt der Waldjugend Nord ist unsere Orchideenwiese beim Landeszentrum. Sie ist eine Feuchtwiese in den H\u00fcttener-Bergen nahe der F\u00f6rsterei. Auf dieser ehemaligen Pferdekoppel, die heute im Besitz der Deutschen Waldjugend Lvb. Nord e.V. ist, wachsen einige Orchideenarten, welche zu den bedrohten Pflanzenarten z\u00e4hlen. Um diese seltenen Pflanzen zu sch\u00fctzen, pflegt und betreut die Waldjugend die Orchideenwiese und sch\u00fctzt damit diesen artenreichen Lebensraum. Gruppen aus dem gesamten Landesverband k\u00fcmmern sich, neben ihrem eigenem Patenforst, gemeinsam um den Erhalt der Orchideenwiese.<\/p>\n<p><\/p>\n<div style=\"text-align: justify;\"><strong>Bildung<\/strong><\/div>\n<p><img loading=\"lazy\" decoding=\"async\" class=\"size-medium wp-image-1204 alignleft\" src=\"https:\/\/waldjugend-nord.de\/wp-content\/uploads\/2017\/08\/Fotos-Owiese-Seminar-2-2005-038-300x225.jpg\" alt=\"\" width=\"300\" height=\"225\">Durch die zahlreichen Aktionen im Patenforst wird den Mitgliedern von Anfang an biologisches Wissen vermittelt. Obwohl der Fokus der Gruppenstunden meist nicht auf der Vermittlung von biologischem Fachwissen liegt, nehmen die Mitglieder im Laufe der Jahre viel Wissen und Knowhow \u00fcber die Natur auf. Deswegen bietet der Landesverband regelm\u00e4\u00dfig Seminare und Lehrg\u00e4nge zu biologischen Themen an, um die Gruppenleiter_innen mit dem n\u00f6tigen Wissen auszustatten.<br>Wesentlicher Bestandteil des Vereinslebens ist auch die Sp\u00e4herprobe. Sie beinhaltet 24 Aufgaben, die ein Waldl\u00e4ufer im Laufe seiner Waldjugendzeit zu meistern versuchen sollte. Zu den Aufgaben geh\u00f6ren zum Beispiel der Bau von Nistk\u00e4sten, die dann eine Brutperiode lang beobachtet werden, oder die Kenntnis von zehn Pilz-Arten, aber auch der Aufbau einer Kohte oder die Gestaltung eines Gruppennachmittages. In speziellen \u201eSp\u00e4herseminaren\u201c k\u00f6nnen sich die Waldl\u00e4ufer auf die Aufgaben vorbereiten.Durch die Ausbildung auf dem Gruppenleiterlehrgang und die \u00dcbernahme von Verantwortung in der Gruppenleitung wird ein p\u00e4dagogisches Grundwissen transportiert \u2013 die soziale Bildung und Gruppendynamische Prozesse spielen in den Gruppen eine wichtige Rolle.<\/p>\n<div style=\"text-align: justify;\">Die Bildung f\u00fcr nachhaltige Entwicklung, die in den letzten Jahren vermehrt an Bedeutung gewonnen hat, umfasst Kernthemen der Waldjugendarbeit. Die Entstehung des Begriffs \u201eNachhaltigkeit\u201c aus der Forstwirtschaft zeigt die gemeinsamen Ansatzpunkte.<\/div>\n<p><\/p>\n<div style=\"text-align: justify;\"><strong>Aktivit\u00e4ten<\/strong><\/div>\n<p>Neben Lehrg\u00e4ngen und Seminaren bilden Lager und Fahrten wichtige Gemeinschaftliche Erlebnisse, so findet alle zwei Jahre das Landeslager des Landesverbandes Nord statt, auf dem sich alle Waldl\u00e4ufer aus Schleswig-Holstein treffen. Ein Bundesweites treffen der Waldjugend ist das regelm\u00e4\u00dfig stattfindende Bundeslager, welches immer von einer anderen Gruppe ausgerichtet wird.<\/p>\n<div>Auf Fahrten und Wanderungen, quer \u00fcber den Globus, lernt man fremde L\u00e4nder und Kulturen kennen. Hierbei stellt die Reduzierung auf das N\u00f6tigste den besonderen Reiz dar.<img loading=\"lazy\" decoding=\"async\" class=\"aligncenter wp-image-390 size-large\" src=\"https:\/\/waldjugend-nord.de\/wp-content\/uploads\/2017\/08\/runningGag_div_fertig-1024x522.jpg\" alt=\"\" width=\"660\" height=\"336\"><\/div>","protected":false},"excerpt":{"rendered":"<p>Wir, die Deutsche Waldjugend Landesverband Nord, sind ein Jugend-Naturschutzverein, der 1957 als Jugendverein der Schutzgemeinschaft Deutscher Wald gegr\u00fcndet wurde. Unsere 12 Horten sind in ganz Schleswig-Holstein und Hamburg verteilt. Bei unseren w\u00f6chentlichen Gruppenstunden haben Jungen und M\u00e4dchen zwischen 8 und 27 Jahren die M\u00f6glichkeit die Natur hautnah zu erleben und &#8230;<\/p>\n","protected":false},"author":17,"featured_media":0,"parent":0,"menu_order":0,"comment_status":"closed","ping_status":"closed","template":"","meta":{"_lmt_disableupdate":"no","_lmt_disable":"","footnotes":""},"class_list":["post-177","page","type-page","status-publish","hentry","column","twocol"],"_links":{"self":[{"href":"https:\/\/waldjugend-nord.de\/index.php?rest_route=\/wp\/v2\/pages\/177","targetHints":{"allow":["GET"]}}],"collection":[{"href":"https:\/\/waldjugend-nord.de\/index.php?rest_route=\/wp\/v2\/pages"}],"about":[{"href":"https:\/\/waldjugend-nord.de\/index.php?rest_route=\/wp\/v2\/types\/page"}],"author":[{"embeddable":true,"href":"https:\/\/waldjugend-nord.de\/index.php?rest_route=\/wp\/v2\/users\/17"}],"replies":[{"embeddable":true,"href":"https:\/\/waldjugend-nord.de\/index.php?rest_route=%2Fwp%2Fv2%2Fcomments&post=177"}],"version-history":[{"count":68,"href":"https:\/\/waldjugend-nord.de\/index.php?rest_route=\/wp\/v2\/pages\/177\/revisions"}],"predecessor-version":[{"id":4535,"href":"https:\/\/waldjugend-nord.de\/index.php?rest_route=\/wp\/v2\/pages\/177\/revisions\/4535"}],"wp:attachment":[{"href":"https:\/\/waldjugend-nord.de\/index.php?rest_route=%2Fwp%2Fv2%2Fmedia&parent=177"}],"curies":[{"name":"wp","href":"https:\/\/api.w.org\/{rel}","templated":true}]}}

<div style="height:20px" aria-hidden="true" class="wp-block-spacer"></div>



<div class="wp-block-columns is-layout-flex wp-container-core-columns-is-layout-9d6595d7 wp-block-columns-is-layout-flex">
<div class="wp-block-column is-layout-flow wp-block-column-is-layout-flow" style="flex-basis:100%">
<div class="wp-block-group"><div class="wp-block-group__inner-container is-layout-flow wp-block-group-is-layout-flow">
<div class="wp-block-columns is-layout-flex wp-container-core-columns-is-layout-9d6595d7 wp-block-columns-is-layout-flex">
<div class="wp-block-column is-layout-flow wp-block-column-is-layout-flow" style="flex-basis:100%">
<div class="wp-block-group"><div class="wp-block-group__inner-container is-layout-flow wp-block-group-is-layout-flow">
<div class="wp-block-buttons is-horizontal is-content-justification-center is-layout-flex wp-container-core-buttons-is-layout-499968f5 wp-block-buttons-is-layout-flex" id="https://waldjugend-nord.de/?page_id=4065"></div>
</div></div>
</div>
</div>



<figure class="wp-block-gallery has-nested-images columns-default is-cropped wp-block-gallery-1 is-layout-flex wp-block-gallery-is-layout-flex"></figure>
</div></div>
</div>
</div>



<div style="height:25px" aria-hidden="true" class="wp-block-spacer"></div>


<p><img loading="lazy" decoding="async" class="alignnone wp-image-503 size-full" src="https://waldjugend-nord.de/wp-content/uploads/2017/08/wirueberuns.png" width="800" height="348"></p>
<p>Wir, die Deutsche Waldjugend Landesverband Nord, sind ein Jugend-Naturschutzverein, der 1957 als Jugendverein der Schutzgemeinschaft Deutscher Wald gegründet wurde. Unsere 12 Horten sind in ganz Schleswig-Holstein und Hamburg verteilt. Bei unseren wöchentlichen Gruppenstunden haben Jungen und Mädchen zwischen 8 und 27 Jahren die Möglichkeit die Natur hautnah zu erleben und aktiv im Naturschutz mitzuwirken. Doch bei uns steht nicht nur die biologische Arbeit im Vordergrund, auch gemeinsame Singerunden, Lager und Fahrten sind ein wichtiger Bestandteil der Waldjugend. Informationen zu unseren Horten, zum Beispiel den genauen Ort, erhalten Sie unter dem Menüpunkt <a href="https://waldjugend-nord.de/?page_id=190" rel="alternate">Gruppen</a> weiteres zu unseren Aufgaben und Zielen:</p>
<p></p>
<div style="text-align: justify;"><strong>Naturschutz</strong></div>
<p>Ein zentraler Aspekt der Waldjugendarbeit ist <img loading="lazy" decoding="async" class="size-medium wp-image-1206 alignright" src="https://waldjugend-nord.de/wp-content/uploads/2017/08/naturschutz-300x219.png" alt="" width="300" height="219">der Patenforst, so hat jede Gruppe in Ihrer Nähe ein Waldstück, das sie zusammen mit dem jeweiligen Förster pflegt. In dem Patenforst übernimmt die Waldjugendgruppe verschiedenste Aufgaben wie zum Beispiel Pflanzaktionen, die Nistkästenpflege, das Entleeren der Borkenkäferfallen oder die Befreiung des Waldes von Müll. Auch die Pflege von Streuobstwiesen und Feuchtbiotopen gehören zu den Naturschutzaufgaben der Waldjugend. Aus diesem Einblick in die Lebenszusammenhänge der freien Natur entwickelt sich bei den Kindern und Jugendlichen ein Verantwortungsbewusstsein für Natur und Landschaft. Dies ist eine wichtige Grundlage für eine wirkungsvolle Mitarbeit im Natur- und Umweltschutz.<br>Ein ganz besonderes Projekt der Waldjugend Nord ist unsere Orchideenwiese beim Landeszentrum. Sie ist eine Feuchtwiese in den Hüttener-Bergen nahe der Försterei. Auf dieser ehemaligen Pferdekoppel, die heute im Besitz der Deutschen Waldjugend Lvb. Nord e.V. ist, wachsen einige Orchideenarten, welche zu den bedrohten Pflanzenarten zählen. Um diese seltenen Pflanzen zu schützen, pflegt und betreut die Waldjugend die Orchideenwiese und schützt damit diesen artenreichen Lebensraum. Gruppen aus dem gesamten Landesverband kümmern sich, neben ihrem eigenem Patenforst, gemeinsam um den Erhalt der Orchideenwiese.</p>
<p></p>
<div style="text-align: justify;"><strong>Bildung</strong></div>
<p><img loading="lazy" decoding="async" class="size-medium wp-image-1204 alignleft" src="https://waldjugend-nord.de/wp-content/uploads/2017/08/Fotos-Owiese-Seminar-2-2005-038-300x225.jpg" alt="" width="300" height="225">Durch die zahlreichen Aktionen im Patenforst wird den Mitgliedern von Anfang an biologisches Wissen vermittelt. Obwohl der Fokus der Gruppenstunden meist nicht auf der Vermittlung von biologischem Fachwissen liegt, nehmen die Mitglieder im Laufe der Jahre viel Wissen und Knowhow über die Natur auf. Deswegen bietet der Landesverband regelmäßig Seminare und Lehrgänge zu biologischen Themen an, um die Gruppenleiter_innen mit dem nötigen Wissen auszustatten.<br>Wesentlicher Bestandteil des Vereinslebens ist auch die Späherprobe. Sie beinhaltet 24 Aufgaben, die ein Waldläufer im Laufe seiner Waldjugendzeit zu meistern versuchen sollte. Zu den Aufgaben gehören zum Beispiel der Bau von Nistkästen, die dann eine Brutperiode lang beobachtet werden, oder die Kenntnis von zehn Pilz-Arten, aber auch der Aufbau einer Kohte oder die Gestaltung eines Gruppennachmittages. In speziellen „Späherseminaren“ können sich die Waldläufer auf die Aufgaben vorbereiten.Durch die Ausbildung auf dem Gruppenleiterlehrgang und die Übernahme von Verantwortung in der Gruppenleitung wird ein pädagogisches Grundwissen transportiert – die soziale Bildung und Gruppendynamische Prozesse spielen in den Gruppen eine wichtige Rolle.</p>
<div style="text-align: justify;">Die Bildung für nachhaltige Entwicklung, die in den letzten Jahren vermehrt an Bedeutung gewonnen hat, umfasst Kernthemen der Waldjugendarbeit. Die Entstehung des Begriffs „Nachhaltigkeit“ aus der Forstwirtschaft zeigt die gemeinsamen Ansatzpunkte.</div>
<p></p>
<div style="text-align: justify;"><strong>Aktivitäten</strong></div>
<p>Neben Lehrgängen und Seminaren bilden Lager und Fahrten wichtige Gemeinschaftliche Erlebnisse, so findet alle zwei Jahre das Landeslager des Landesverbandes Nord statt, auf dem sich alle Waldläufer aus Schleswig-Holstein treffen. Ein Bundesweites treffen der Waldjugend ist das regelmäßig stattfindende Bundeslager, welches immer von einer anderen Gruppe ausgerichtet wird.</p>
<div>Auf Fahrten und Wanderungen, quer über den Globus, lernt man fremde Länder und Kulturen kennen. Hierbei stellt die Reduzierung auf das Nötigste den besonderen Reiz dar.<img loading="lazy" decoding="async" class="aligncenter wp-image-390 size-large" src="https://waldjugend-nord.de/wp-content/uploads/2017/08/runningGag_div_fertig-1024x522.jpg" alt="" width="660" height="336"></div>

<p>Wir, die Deutsche Waldjugend Landesverband Nord, sind ein Jugend-Naturschutzverein, der 1957 als Jugendverein der Schutzgemeinschaft Deutscher Wald gegründet wurde. Unsere 12 Horten sind in ganz Schleswig-Holstein und Hamburg verteilt. Bei unseren wöchentlichen Gruppenstunden haben Jungen und Mädchen zwischen 8 und 27 Jahren die Möglichkeit die Natur hautnah zu erleben und &#8230;</p>
